{"id":48,"date":"2007-10-17T09:17:14","date_gmt":"2007-10-17T09:17:14","guid":{"rendered":"http:\/\/anabautistas.org\/portal\/?page_id=48"},"modified":"2021-09-15T07:16:17","modified_gmt":"2021-09-15T07:16:17","slug":"pacto-de-iglesia","status":"publish","type":"page","link":"https:\/\/anabautistas.org\/?page_id=48","title":{"rendered":"Pacto de iglesia"},"content":{"rendered":"<p><img loading=\"lazy\" decoding=\"async\" class=\"alignleft\" src=\"http:\/\/anabautistas.org\/wp-content\/uploads\/2007\/10\/retiroalcala1.jpg\" alt=\"\" width=\"223\" height=\"146\" align=\"left\" \/><\/p>\n<p><strong><a href=\"https:\/\/anabautistas.org\/pactodeiglesia.pdf\">Versi\u00f3n en pdf<\/a><\/strong><\/p>\n<p>Somos un grupo de hermanas y hermanos en Cristo, a los que el Se\u00f1or nos ha llamado personalmente para estar con \u00e9l, alabarle, y gozarnos en su presencia. Jes\u00fas, que fue el siervo sufriente y que ahora es el poderoso Vencedor, nos invita a seguirle con plena confianza en \u00e9l. Su llamamiento nos sana, nos renueva, nos descansa y nos rejuvenece, capacit\u00e1ndonos para perdonar, para amar y para servir. Su Esp\u00ed\u00adritu en nosotros nos conduce a no acomodarnos, sino a buscar siempre m\u00e1s de \u00e9l, abri\u00e9ndonos a nuevas formas de actuar seg\u00fan su voluntad. Sin temor a los cambios, nos abrimos a ver el mundo con ojos espirituales, para verlo como \u00e9l lo ve. Aunque sabemos que en el pasado hemos negado a Jes\u00fas en muchas maneras, ahora queremos ir ad\u00f3nde \u00e9l nos lleve, permiti\u00e9ndole reinar en todas las \u00e1reas de nuestra vida, para llevar a otros la buena noticia de su reinado. No es tiempo de temer, sino de tomar posesi\u00f3n de la tierra que el Se\u00f1or nos ha dado.<\/p>\n<p>El Se\u00f1or nos llama a ser una iglesia de oraci\u00f3n constante de unos por los otros, y de intercesi\u00f3n por este mundo perdido. Especialmente queremos pedir por los l\u00ed\u00adderes espirituales de los espa\u00f1oles, para que lleguen a conocer personalmente a Jes\u00fas, el Mes\u00ed\u00adas, y el Se\u00f1or. Jes\u00fas es quien gobierna nuestra iglesia, y nos llama a un nuevo comienzo, partiendo mar adentro para echar las redes en los lugares m\u00e1s profundos que \u00e9l nos indique. Nuestras armas no son las armas carnales de este mundo, sino las del Esp\u00ed\u00adritu, especialmente la espada de su Palabra. Queremos ser una iglesia en la que las personas puedan encontrar oportunidad de crecer en todas las \u00e1reas de su vida, y ayudar a otros a hacerlo. El Se\u00f1or nos ha mostrado que nos quiere entregados totalmente a \u00e9l para as\u00ed\u00ad poder llegar a otros. Como iglesia cristiana nos sentimos confiados en el Se\u00f1or, a cuyos ojos somos preciosos, y quien se deleita en nosotros. \u00c9l nos asegura lo mucho que podemos hacer con \u00e9l, c\u00f3mo Dios trabaja por medio de nosotros, de tal forma que su obra durar\u00e1. Sin temor rechazamos todas las mentiras del enemigo sobre nosotros, y nos gozamos en la seguridad de que las puertas del infierno no prevalecer\u00e1n sobre su pueblo.<\/p>\n<p>Como Lidia, la primera persona convertida en Europa, la mayor parte de nosotros somos inmigrantes en Espa\u00f1a, y nos gozamos en la sabidur\u00ed\u00ada de Dios para elegir a lo que el mundo no reconoce para confundir y bendecir a ese mundo. Por ello queremos llevar a m\u00e1s espa\u00f1oles a los pies de Jes\u00fas, el \u00fanico y verdadero Mes\u00ed\u00adas, sin sentir ninguna verg\u00ed\u00bcenza de su evangelio. Esperamos, pedimos y recibimos el poder de lo alto para llegar de uno en uno a nuestros vecinos, compa\u00f1eros de trabajo, amigos y parientes. Dios ha elegido a lo que antes era d\u00e9bil para alcanzar a lo que se considera fuerte, y sabemos que el ministerio de muchas mujeres y varones inmigrantes ser\u00e1 de bendici\u00f3n para las mujeres y varones de Espa\u00f1a. Dios nos muestra que \u00e9ste es ahora nuestro pa\u00ed\u00ads, que aqu\u00ed\u00ad nos quiere sanar en profundidad, y usarnos para sanar a muchos otros. El mismo Esp\u00ed\u00adritu que estaba en Jes\u00fas est\u00e1 tambi\u00e9n en nosotros, rompe nuestras cadenas, y nos proh\u00ed\u00adbe estar encerrados por temor. Aunque sabemos que la misi\u00f3n no es f\u00e1cil, y que habr\u00e1 resistencias, nos ha llegado ya la hora de actuar.<\/p>\n<p>Concretamente queremos guiarnos por los siguientes valores centrales de nuestra iglesia:<\/p>\n<p>\u00b7 Cristo es el centro y quien dirige nuestra iglesia.<br \/>\n\u00b7 Formamos c\u00ed\u00adrculos de esperanza, en los que vivimos las relaciones fundamentales de los creyentes (hacia arriba, hacia dentro de uno mismo, entre nosotros mismos, hacia el mundo), donde practicamos el mentorado de unos a otros para capacitarnos para servir mejor.<br \/>\n\u00b7 Decidimos llevar vidas de alabanza, adoraci\u00f3n, y oraci\u00f3n, reservando un tiempo fijo para escuchar al Se\u00f1or, para interceder unos por otros, para practicar la liberaci\u00f3n y la sanidad interior.<br \/>\n\u00b7 Buscamos llevar vidas transformadas por el Esp\u00ed\u00adritu Santo, en permanente santidad de vida, sirvi\u00e9ndonos unos a otros, siendo radicales, pero evitando la religiosidad y el legalismo.<br \/>\n\u00b7 Dios nos env\u00ed\u00ada a ser agentes de cambio en el mundo, buscando alcanzar a los no creyentes, practicando la no-violencia en nuestras vidas personales y comunitarias, y defendiendo la causa de los menos afortunados.<\/p>\n","protected":false},"excerpt":{"rendered":"<p>Versi\u00f3n en pdf Somos un grupo de hermanas y hermanos en Cristo, a los que el Se\u00f1or nos ha llamado personalmente para estar con \u00e9l,&hellip;<\/p>\n","protected":false},"author":3,"featured_media":0,"parent":46,"menu_order":0,"comment_status":"closed","ping_status":"closed","template":"","meta":{"footnotes":""},"class_list":["post-48","page","type-page","status-publish","hentry"],"_links":{"self":[{"href":"https:\/\/anabautistas.org\/index.php?rest_route=\/wp\/v2\/pages\/48"}],"collection":[{"href":"https:\/\/anabautistas.org\/index.php?rest_route=\/wp\/v2\/pages"}],"about":[{"href":"https:\/\/anabautistas.org\/index.php?rest_route=\/wp\/v2\/types\/page"}],"author":[{"embeddable":true,"href":"https:\/\/anabautistas.org\/index.php?rest_route=\/wp\/v2\/users\/3"}],"replies":[{"embeddable":true,"href":"https:\/\/anabautistas.org\/index.php?rest_route=%2Fwp%2Fv2%2Fcomments&post=48"}],"version-history":[{"count":3,"href":"https:\/\/anabautistas.org\/index.php?rest_route=\/wp\/v2\/pages\/48\/revisions"}],"predecessor-version":[{"id":1091,"href":"https:\/\/anabautistas.org\/index.php?rest_route=\/wp\/v2\/pages\/48\/revisions\/1091"}],"up":[{"embeddable":true,"href":"https:\/\/anabautistas.org\/index.php?rest_route=\/wp\/v2\/pages\/46"}],"wp:attachment":[{"href":"https:\/\/anabautistas.org\/index.php?rest_route=%2Fwp%2Fv2%2Fmedia&parent=48"}],"curies":[{"name":"wp","href":"https:\/\/api.w.org\/{rel}","templated":true}]}}

<p><img loading="lazy" decoding="async" class="alignleft" src="http://anabautistas.org/wp-content/uploads/2007/10/retiroalcala1.jpg" alt="" width="223" height="146" align="left" /></p>
<p><strong><a href="https://anabautistas.org/pactodeiglesia.pdf">Versión en pdf</a></strong></p>
<p>Somos un grupo de hermanas y hermanos en Cristo, a los que el Señor nos ha llamado personalmente para estar con él, alabarle, y gozarnos en su presencia. Jesús, que fue el siervo sufriente y que ahora es el poderoso Vencedor, nos invita a seguirle con plena confianza en él. Su llamamiento nos sana, nos renueva, nos descansa y nos rejuvenece, capacitándonos para perdonar, para amar y para servir. Su Espí­ritu en nosotros nos conduce a no acomodarnos, sino a buscar siempre más de él, abriéndonos a nuevas formas de actuar según su voluntad. Sin temor a los cambios, nos abrimos a ver el mundo con ojos espirituales, para verlo como él lo ve. Aunque sabemos que en el pasado hemos negado a Jesús en muchas maneras, ahora queremos ir adónde él nos lleve, permitiéndole reinar en todas las áreas de nuestra vida, para llevar a otros la buena noticia de su reinado. No es tiempo de temer, sino de tomar posesión de la tierra que el Señor nos ha dado.</p>
<p>El Señor nos llama a ser una iglesia de oración constante de unos por los otros, y de intercesión por este mundo perdido. Especialmente queremos pedir por los lí­deres espirituales de los españoles, para que lleguen a conocer personalmente a Jesús, el Mesí­as, y el Señor. Jesús es quien gobierna nuestra iglesia, y nos llama a un nuevo comienzo, partiendo mar adentro para echar las redes en los lugares más profundos que él nos indique. Nuestras armas no son las armas carnales de este mundo, sino las del Espí­ritu, especialmente la espada de su Palabra. Queremos ser una iglesia en la que las personas puedan encontrar oportunidad de crecer en todas las áreas de su vida, y ayudar a otros a hacerlo. El Señor nos ha mostrado que nos quiere entregados totalmente a él para así­ poder llegar a otros. Como iglesia cristiana nos sentimos confiados en el Señor, a cuyos ojos somos preciosos, y quien se deleita en nosotros. Él nos asegura lo mucho que podemos hacer con él, cómo Dios trabaja por medio de nosotros, de tal forma que su obra durará. Sin temor rechazamos todas las mentiras del enemigo sobre nosotros, y nos gozamos en la seguridad de que las puertas del infierno no prevalecerán sobre su pueblo.</p>
<p>Como Lidia, la primera persona convertida en Europa, la mayor parte de nosotros somos inmigrantes en España, y nos gozamos en la sabidurí­a de Dios para elegir a lo que el mundo no reconoce para confundir y bendecir a ese mundo. Por ello queremos llevar a más españoles a los pies de Jesús, el único y verdadero Mesí­as, sin sentir ninguna vergí¼enza de su evangelio. Esperamos, pedimos y recibimos el poder de lo alto para llegar de uno en uno a nuestros vecinos, compañeros de trabajo, amigos y parientes. Dios ha elegido a lo que antes era débil para alcanzar a lo que se considera fuerte, y sabemos que el ministerio de muchas mujeres y varones inmigrantes será de bendición para las mujeres y varones de España. Dios nos muestra que éste es ahora nuestro paí­s, que aquí­ nos quiere sanar en profundidad, y usarnos para sanar a muchos otros. El mismo Espí­ritu que estaba en Jesús está también en nosotros, rompe nuestras cadenas, y nos prohí­be estar encerrados por temor. Aunque sabemos que la misión no es fácil, y que habrá resistencias, nos ha llegado ya la hora de actuar.</p>
<p>Concretamente queremos guiarnos por los siguientes valores centrales de nuestra iglesia:</p>
<p>· Cristo es el centro y quien dirige nuestra iglesia.<br />
· Formamos cí­rculos de esperanza, en los que vivimos las relaciones fundamentales de los creyentes (hacia arriba, hacia dentro de uno mismo, entre nosotros mismos, hacia el mundo), donde practicamos el mentorado de unos a otros para capacitarnos para servir mejor.<br />
· Decidimos llevar vidas de alabanza, adoración, y oración, reservando un tiempo fijo para escuchar al Señor, para interceder unos por otros, para practicar la liberación y la sanidad interior.<br />
· Buscamos llevar vidas transformadas por el Espí­ritu Santo, en permanente santidad de vida, sirviéndonos unos a otros, siendo radicales, pero evitando la religiosidad y el legalismo.<br />
· Dios nos enví­a a ser agentes de cambio en el mundo, buscando alcanzar a los no creyentes, practicando la no-violencia en nuestras vidas personales y comunitarias, y defendiendo la causa de los menos afortunados.</p>

<p>Versión en pdf Somos un grupo de hermanas y hermanos en Cristo, a los que el Señor nos ha llamado personalmente para estar con él,&hellip;</p>
