{"id":31,"date":"2007-10-16T17:18:16","date_gmt":"2007-10-16T17:18:16","guid":{"rendered":"http:\/\/anabautistas.org\/portal\/?page_id=31"},"modified":"2021-09-14T07:08:19","modified_gmt":"2021-09-14T07:08:19","slug":"la-sexualidad","status":"publish","type":"page","link":"https:\/\/anabautistas.org\/?page_id=31","title":{"rendered":"La sexualidad"},"content":{"rendered":"<p align=\"left\"><span style=\"font-family: Arial, Helvetica, Geneva, Swiss, SunSans-Regular;\"><span style=\"font-size: small;\"><em>Por John A. Byers<\/em><\/span><\/span><\/p>\n<p align=\"left\"><span style=\"font-family: Arial, Helvetica, Geneva, Swiss, SunSans-Regular;\"><span style=\"font-size: small;\"><strong>La sexualidad humana se extiende por casi todas las \u00e1reas de nuestra vida.<\/strong> La sexualidad implica mucho m\u00e1s que las diferencias f\u00ed\u00adsicas entre los hombres y las mujeres y va m\u00e1s all\u00e1 del acto f\u00ed\u00adsico sexual en el matrimonio. Es la expresi\u00f3n de toda la persona entera que vive la sinfon\u00ed\u00ada de la existencia humana.<\/span><\/span><\/p>\n<p align=\"left\"><span style=\"font-family: Arial, Helvetica, Geneva, Swiss, SunSans-Regular;\"><span style=\"font-size: small;\">Los cristianos necesitan una comprensi\u00f3n b\u00ed\u00adblica de la sexualidad. Entender nuestra sexualidad es esencial para determinar nuestras relaciones con las dem\u00e1s personas y para manejar apropiadamente los deseo f\u00ed\u00adsicos que Dios nos ha dado. Tal entendimiento nos permite tanto entender el significado verdadero de la sexualidad, como rechazar las ideolog\u00ed\u00adas provenientes de la cultura. La sociedad se ha vuelto m\u00e1s indulgente puesto que ha redefinido la base y el significado de la sexualidad. La ha convertido en una relaci\u00f3n casual que se expresa en un acto f\u00ed\u00adsico sin tomar en cuenta a la persona por entero, ni las consecuencias que siguen al goce del momento. En vista de lo cual ha disminuido el respeto a la persona, mientras que el ego\u00ed\u00adsmo se ha elevado a un nivel que contradice lo que Dios ha dispuesto.<\/span><\/span><\/p>\n<p align=\"left\"><span style=\"font-family: Arial, Helvetica, Geneva, Swiss, SunSans-Regular;\"><span style=\"font-size: small;\">El Libro del G\u00e9nesis nos dice: \u00abY cre\u00f3 Dios al hombre a su imagen, a imagen de Dios lo cre\u00f3; var\u00f3n y hembra los cre\u00f3\u00bb (Genesis 1:27). La segunda frase de este vers\u00ed\u00adculo explica la primera frase. Ademas G\u00e9nesis sugiere que Dios no es un Ser solitario, sino un Ser relacionar (Genesis 1:26). Puesto que el hombre y la mujer fueron creados para tener comunion con Dios, no podian funcionar como seres aislados. Creados a la imagen de Dios, eran seres sociales. Debido a que b\u00e1sicamente son identicos el uno y la otra, tienen la posibilidad de lograr una comunion intima. Ella y \u00e9l son personas hechas a la imagen de Dios. Pero debido a que tambi\u00e9n son distintos entre s\u00ed\u00ad, hay que tomar en cuenta otra din\u00e1mica, es decir, la sexualidad humana.<\/span><\/span><\/p>\n<p align=\"left\"><span style=\"font-family: Arial, Helvetica, Geneva, Swiss, SunSans-Regular;\"><span style=\"font-size: small;\">Cuando se toman en cuenta los aspectos biol\u00f3gicos de la sexualidad, uno trata con s\u00f3lo una parte de nuestra humanidad. Cuando se considera el aspecto relaci\u00f3nal de la sexualidad se ve al hombre y a la mujer desde una perspectiva distinta y m\u00e1s alta, es decir, su creaci\u00f3n a la imagen de Dios. Debido a que fueron creados a la imagen de Dios (su persona) y fueron creados como mujer y como hombre (su sexualidad), su potencial relaci\u00f3nal va m\u00e1s all\u00e1 de la experiencia de intimidad f\u00ed\u00adsica.<\/span><\/span><\/p>\n<p align=\"left\"><span style=\"font-family: Arial, Helvetica, Geneva, Swiss, SunSans-Regular;\"><span style=\"font-size: small;\">La relaci\u00f3n hombre-mujer tiene dos din\u00e1micas principales. La primera es el conocimiento y la afirmaci\u00f3n de nuestra identidad sexual -el ser hombre o mujer. Es importante, si uno desea experimentar la sexualidad tal como lo dispuso Dios, que la persona est\u00e9 agradecida de ser un hombre o una mujer.<\/span><\/span><\/p>\n<p align=\"left\"><span style=\"font-family: Arial, Helvetica, Geneva, Swiss, SunSans-Regular;\"><span style=\"font-size: small;\">La segunda din\u00e1mica lo lleva a uno m\u00e1s all\u00e1 de la identidad sexual e involucra al sexo opuesto. El reconocimiento de la masculinidad y de la feminidad no necesariamente involucra la intimidad sexual. El hombre y la mujer fueron creados, no s\u00f3lo para la procreaci\u00f3n, sino con la intenci\u00f3n de que formen relaciones. La interdependencia mutua puede enriquecer a las dos personas.<\/span><\/span><\/p>\n<p align=\"left\"><span style=\"font-family: Arial, Helvetica, Geneva, Swiss, SunSans-Regular;\"><span style=\"font-size: small;\">La sexualidad humana tiene ramificaciones que trascienden tanto a las relaciones no matrimoniales, como a las relaciones matrimoniales. La relaci\u00f3n entre hombres y mujeres hace posible que las personas experimenten la imagen de Dios. Dios es un Ser-en-relaci\u00f3n: Padre, Hijo y Esp\u00ed\u00adritu Santo. Se le puede entender mejor a trav\u00e9s de las relaciones en Sus distintas personas. De igual manera ocurre con los hombres y las mujeres; su naturaleza sexual se experimenta mejor cuando se hace en relaci\u00f3n con su estado de hombre y de mujer.<\/span><\/span><\/p>\n<p align=\"left\"><span style=\"font-family: Arial, Helvetica, Geneva, Swiss, SunSans-Regular;\"><span style=\"font-size: small;\">La aceptaci\u00f3n de nuestra naturaleza masculina y femenina tambi\u00e9n es importante en la relaci\u00f3n matrimonial. Establece al amor como algo m\u00e1s que el deseo sexual. Existe un reconocimiento de plenitud mutua cuando una persona busca a la otra, cuando una persona se hace responsable por el bienestar de la otra persona. Esta aceptaci\u00f3n tambi\u00e9n es significativa para el propio acto sexual f\u00ed\u00adsico.<\/span><\/span><\/p>\n<p align=\"left\"><span style=\"font-family: Arial, Helvetica, Geneva, Swiss, SunSans-Regular;\"><span style=\"font-size: small;\">El mandato divino de sexo en el matrimonio no niega el deseo natural. M\u00e1s bien, cuando ocurre dentro del matrimonio donde ocurre la vinculaci\u00f3n emocional, hace que la expresi\u00f3n sexual sea m\u00e1s libre y satisfactoria. El convertirse en una sola carne sugiere un intercambio que uno no puede retractar ni denegar.<\/span><\/span><\/p>\n<p align=\"left\"><span style=\"font-family: Arial, Helvetica, Geneva, Swiss, SunSans-Regular;\"><span style=\"font-size: small;\">El Libro del G\u00e9nesis lo llama \u00abconocimiento,\u00bb cuando dice que \u00abConoci\u00f3 Ad\u00e1n a su mujer Eva \u00ab(Genesis 4:1). La palabra \u00abconocer\u00bb implica un intercambio profundo e inexpresable de comunicaci\u00f3n, una experiencia de identidad mutua. Es el convertirse en \u00abuna sola carne\u00bb (Genesis 2:24). El matrimonio provee para que la union fisica sexual tome lugar en una relaci\u00f3n correcta, en el momento apropiado y con la persona indicada.<\/span><\/span><\/p>\n<p align=\"left\"><span style=\"font-family: Arial, Helvetica, Geneva, Swiss, SunSans-Regular;\"><span style=\"font-size: small;\">La unidad que se obtiene con la experiencia sexual establece la raz\u00f3n para que se practique la abstinencia antes del matrimonio. Dwight Small dice que el acto f\u00ed\u00adsico \u00abinvolucra y afecta a todo el hombre y a toda la mujer en el verdadero centro de su ser, de forma que despu\u00e9s de que ocurre, ninguno de los dos pueden volver a ser como eran antes de unirse.\u00bb (1) Pablo sugiere que tener una relaci\u00f3n sexual fuera del matrimonio es convertirse en un miembro de la comunidad del mal (1 Corintios 6: 16-17).<\/span><\/span><\/p>\n<p align=\"left\"><span style=\"font-family: Arial, Helvetica, Geneva, Swiss, SunSans-Regular;\"><span style=\"font-size: small;\">Ser infiel en el matrimonio es fallar en la responsabilidad de mantener el bienestar total de la otra persona. Las relaciones sexuales con personas que no son el c\u00f3nyuge da\u00f1an la personalidad del matrimonio. Se rompe la unidad de la relaci\u00f3n.<\/span><\/span><\/p>\n<p align=\"left\"><span style=\"font-family: Arial, Helvetica, Geneva, Swiss, SunSans-Regular;\"><span style=\"font-size: small;\">La infidelidad tambi\u00e9n ocurre cuando ya no se considera necesario mantener el pacto hecho al comprometerse a esta relaci\u00f3n. Se deja de creer que el c\u00f3nyuge es verdaderamente humano. En vez de ver al c\u00f3nyuge como una imagen de Dios y como un compa\u00f1ero para toda la vida, se le considera como un objeto f\u00ed\u00adsico o algo peor. Por ende, los atributos atractivos de la otra persona se pierden ya que se separan del compromiso de fidelidad entre las dos personas. Por lo tanto, se presenta la tentaci\u00f3n de romper el compromiso matrimonial y de buscar la intimidad en otros lados. El resultado deshumaniza a las personas involucradas y destruye los lazos del matrimonio.<\/span><\/span><\/p>\n<p align=\"left\"><span style=\"font-family: Arial, Helvetica, Geneva, Swiss, SunSans-Regular;\"><span style=\"font-size: small;\">Dios nos dio la sexualidad humana para nuestra plenitud, nuestro regocijo y para la procreaci\u00f3n. Experimentar nuestra humanidad realmente es encontrar lo que significa ser creado a la imagen de Dios. Por lo tanto, los cristianos deben celebrar su sexualidad individual, reconocer su capacidad para ser saludablemente sexuales en relaci\u00f3n con otra persona.<\/span><\/span><\/p>\n<p align=\"left\"><span style=\"font-family: Arial, Helvetica, Geneva, Swiss, SunSans-Regular;\"><span style=\"font-size: small;\"><em>(1) Dwight Harvey Small, Christian Celebrate Your Sexuality<\/em><\/span><\/span><\/p>\n","protected":false},"excerpt":{"rendered":"<p>Por John A. Byers La sexualidad humana se extiende por casi todas las \u00e1reas de nuestra vida. La sexualidad implica mucho m\u00e1s que las diferencias&hellip;<\/p>\n","protected":false},"author":3,"featured_media":0,"parent":23,"menu_order":0,"comment_status":"closed","ping_status":"closed","template":"","meta":{"footnotes":""},"class_list":["post-31","page","type-page","status-publish","hentry"],"_links":{"self":[{"href":"https:\/\/anabautistas.org\/index.php?rest_route=\/wp\/v2\/pages\/31"}],"collection":[{"href":"https:\/\/anabautistas.org\/index.php?rest_route=\/wp\/v2\/pages"}],"about":[{"href":"https:\/\/anabautistas.org\/index.php?rest_route=\/wp\/v2\/types\/page"}],"author":[{"embeddable":true,"href":"https:\/\/anabautistas.org\/index.php?rest_route=\/wp\/v2\/users\/3"}],"replies":[{"embeddable":true,"href":"https:\/\/anabautistas.org\/index.php?rest_route=%2Fwp%2Fv2%2Fcomments&post=31"}],"version-history":[{"count":3,"href":"https:\/\/anabautistas.org\/index.php?rest_route=\/wp\/v2\/pages\/31\/revisions"}],"predecessor-version":[{"id":881,"href":"https:\/\/anabautistas.org\/index.php?rest_route=\/wp\/v2\/pages\/31\/revisions\/881"}],"up":[{"embeddable":true,"href":"https:\/\/anabautistas.org\/index.php?rest_route=\/wp\/v2\/pages\/23"}],"wp:attachment":[{"href":"https:\/\/anabautistas.org\/index.php?rest_route=%2Fwp%2Fv2%2Fmedia&parent=31"}],"curies":[{"name":"wp","href":"https:\/\/api.w.org\/{rel}","templated":true}]}}