{"id":18,"date":"2007-10-16T15:19:30","date_gmt":"2007-10-16T15:19:30","guid":{"rendered":"http:\/\/anabautistas.org\/portal\/?page_id=18"},"modified":"2021-09-15T07:14:14","modified_gmt":"2021-09-15T07:14:14","slug":"separacion-iglesia-estado","status":"publish","type":"page","link":"https:\/\/anabautistas.org\/?page_id=18","title":{"rendered":"Separaci\u00f3n iglesia-estado"},"content":{"rendered":"<p><img loading=\"lazy\" decoding=\"async\" class=\"alignleft\" src=\"https:\/\/anabautistas.org\/separacion.jpg\" width=\"130\" height=\"165\" align=\"left\" \/>En el tiempo de la Reforma, tanto cat\u00f3licos como protestantes se sent\u00ed\u00adan autorizados para imponer sus ideas mediante la violencia de las armas. En el fondo, todos segu\u00ed\u00adan pensando que la uni\u00f3n entre el cristianismo y el imperio romano, tal como hab\u00ed\u00ada tenido lugar en el tiempo del emperador Constantino (siglo IV), hab\u00ed\u00ada sido algo positivo.<\/p>\n<p>Los anabautistas cuestionaron esta idea. En la Escritura descubrieron que el pueblo de Dios es un pueblo distinto de los dem\u00e1s pueblos, llamado a ser testigo de la nueva vida que recibimos con Cristo. Los anabaustistas aceptaban la autoridad del estado en sus competencias, pero pensaban que los creyentes no est\u00e1n llamados a ejercer la autoridad del estado, ni a imponer ning\u00fan credo por la fuerza. Su ciudadan\u00ed\u00ada es la del Reinado de Dios, y su Rey es Jes\u00fas. La pertenencia a la iglesia es libre, y presupone la fe.<\/p>\n<p>Por eso, en una \u00e9poca en la que cat\u00f3licos y protestantes hac\u00ed\u00adan arder las hogueras, y mucho antes de que la ilustraci\u00f3n empezara a hablar de \u00abtolerancia\u00bb, los anabautistas defendieron la libertad de conciencia para todos los grupos religiosos.<\/p>\n<p>Todav\u00ed\u00ada hoy muchos estados siguen favoreciendo una determinada religi\u00f3n, y muchos iglesias siguen aspirando a ser sostenidas por el estado. Todav\u00ed\u00ada hoy muchos presuntos cristianos siguen utilizando el estado para perseguir sus propios fines pol\u00ed\u00adticos, econ\u00f3micos o religiosos. Por eso, el testimonio anabautista de una iglesia libre e independiente del poder sigue teniendo plena validez.<\/p>\n","protected":false},"excerpt":{"rendered":"<p>En el tiempo de la Reforma, tanto cat\u00f3licos como protestantes se sent\u00ed\u00adan autorizados para imponer sus ideas mediante la violencia de las armas. En el&hellip;<\/p>\n","protected":false},"author":3,"featured_media":0,"parent":10,"menu_order":30,"comment_status":"closed","ping_status":"closed","template":"","meta":{"footnotes":""},"class_list":["post-18","page","type-page","status-publish","hentry"],"_links":{"self":[{"href":"https:\/\/anabautistas.org\/index.php?rest_route=\/wp\/v2\/pages\/18"}],"collection":[{"href":"https:\/\/anabautistas.org\/index.php?rest_route=\/wp\/v2\/pages"}],"about":[{"href":"https:\/\/anabautistas.org\/index.php?rest_route=\/wp\/v2\/types\/page"}],"author":[{"embeddable":true,"href":"https:\/\/anabautistas.org\/index.php?rest_route=\/wp\/v2\/users\/3"}],"replies":[{"embeddable":true,"href":"https:\/\/anabautistas.org\/index.php?rest_route=%2Fwp%2Fv2%2Fcomments&post=18"}],"version-history":[{"count":2,"href":"https:\/\/anabautistas.org\/index.php?rest_route=\/wp\/v2\/pages\/18\/revisions"}],"predecessor-version":[{"id":1087,"href":"https:\/\/anabautistas.org\/index.php?rest_route=\/wp\/v2\/pages\/18\/revisions\/1087"}],"up":[{"embeddable":true,"href":"https:\/\/anabautistas.org\/index.php?rest_route=\/wp\/v2\/pages\/10"}],"wp:attachment":[{"href":"https:\/\/anabautistas.org\/index.php?rest_route=%2Fwp%2Fv2%2Fmedia&parent=18"}],"curies":[{"name":"wp","href":"https:\/\/api.w.org\/{rel}","templated":true}]}}