{"id":15,"date":"2007-10-16T15:10:03","date_gmt":"2007-10-16T15:10:03","guid":{"rendered":"http:\/\/anabautistas.org\/portal\/?page_id=15"},"modified":"2021-09-15T07:13:02","modified_gmt":"2021-09-15T07:13:02","slug":"4-la-decision-es-tuya","status":"publish","type":"page","link":"https:\/\/anabautistas.org\/?page_id=15","title":{"rendered":"4. La decisi\u00f3n es tuya"},"content":{"rendered":"<p><img loading=\"lazy\" decoding=\"async\" class=\"alignleft\" src=\"https:\/\/anabautistas.org\/decision.jpg\" width=\"151\" height=\"113\" align=\"left\" \/>Una nueva vida es posible cuando recibimos a Cristo en nuestro coraz\u00f3n, y le permitimos ser el centro de nuestras vidas. En ese momento pasamos a pertenecerle a \u00e9l, y a ser sus hermanos. Dios Padre nos adopta como hijos, y comenzamos a ser parte de la familia de Dios: \u00aba todos los que le recibieron, a los que creen en su nombre, les dio la potestad de ser hechos hijos de Dios\u00bb (Juan 1:12).<\/p>\n<p>Para recibir a Cristo hay que hacer cuatro cosas:<\/p>\n<p>1. Admitir nuestra necesidad espiritual. Reconocer que somos pecadores.<br \/>\n2. Arrepentirse y tener el prop\u00f3sito de abandonar la antigua vida de pecado.<br \/>\n3. Creer que Jes\u00fas, el Hijo de Dios, muri\u00f3 por ti.<br \/>\n4. Recibir a Jesucristo como centro de tu coraz\u00f3n, por medio de una oraci\u00f3n sincera. La oraci\u00f3n podr\u00ed\u00ada tener un formato como \u00e9ste o semejante: \u00abAmado Se\u00f1or Jes\u00fas, s\u00e9 que soy pecador y creo que moriste en la cruz por m\u00ed\u00ad. Ahora mismo abandono mi vieja vida y te abro las puertas de mi coraz\u00f3n y de mi vida. Por favor, entra en ella para cambiarla radicalmente. Te acepto como mi Se\u00f1or y mi Salvador personal. Gracias por tu enorme amor por m\u00ed\u00ad. Am\u00e9n\u00bb.<\/p>\n<p>\u00abSi confesares con tu boca que Jes\u00fas es el Se\u00f1or, y creyeres en tu coraz\u00f3n que Dios le levant\u00f3 de los muertos, ser\u00e1s salvo\u00bb (Romanos 10:9).<\/p>\n<p>\u00a1Bienvenido a <strong><a href=\"http:\/\/anabautistas.org\/?page_id=16\">una vida nueva<\/a><\/strong>!<\/p>\n","protected":false},"excerpt":{"rendered":"<p>Una nueva vida es posible cuando recibimos a Cristo en nuestro coraz\u00f3n, y le permitimos ser el centro de nuestras vidas. En ese momento pasamos&hellip;<\/p>\n","protected":false},"author":3,"featured_media":0,"parent":36,"menu_order":0,"comment_status":"closed","ping_status":"closed","template":"","meta":{"footnotes":""},"class_list":["post-15","page","type-page","status-publish","hentry"],"_links":{"self":[{"href":"https:\/\/anabautistas.org\/index.php?rest_route=\/wp\/v2\/pages\/15"}],"collection":[{"href":"https:\/\/anabautistas.org\/index.php?rest_route=\/wp\/v2\/pages"}],"about":[{"href":"https:\/\/anabautistas.org\/index.php?rest_route=\/wp\/v2\/types\/page"}],"author":[{"embeddable":true,"href":"https:\/\/anabautistas.org\/index.php?rest_route=\/wp\/v2\/users\/3"}],"replies":[{"embeddable":true,"href":"https:\/\/anabautistas.org\/index.php?rest_route=%2Fwp%2Fv2%2Fcomments&post=15"}],"version-history":[{"count":4,"href":"https:\/\/anabautistas.org\/index.php?rest_route=\/wp\/v2\/pages\/15\/revisions"}],"predecessor-version":[{"id":1083,"href":"https:\/\/anabautistas.org\/index.php?rest_route=\/wp\/v2\/pages\/15\/revisions\/1083"}],"up":[{"embeddable":true,"href":"https:\/\/anabautistas.org\/index.php?rest_route=\/wp\/v2\/pages\/36"}],"wp:attachment":[{"href":"https:\/\/anabautistas.org\/index.php?rest_route=%2Fwp%2Fv2%2Fmedia&parent=15"}],"curies":[{"name":"wp","href":"https:\/\/api.w.org\/{rel}","templated":true}]}}