{"id":1195,"date":"2021-09-16T06:38:42","date_gmt":"2021-09-16T06:38:42","guid":{"rendered":"https:\/\/anabautistas.org\/?page_id=1195"},"modified":"2021-09-16T06:39:25","modified_gmt":"2021-09-16T06:39:25","slug":"el-espiritu-santo-en-el-anabaptismo","status":"publish","type":"page","link":"https:\/\/anabautistas.org\/?page_id=1195","title":{"rendered":"El Esp\u00edritu Santo en el anabaptismo"},"content":{"rendered":"<p><a href=\"https:\/\/anabautistas.org\/wp-content\/uploads\/2021\/09\/images2.jpeg\"><img loading=\"lazy\" decoding=\"async\" class=\"size-full wp-image-1196 alignleft\" src=\"https:\/\/anabautistas.org\/wp-content\/uploads\/2021\/09\/images2.jpeg\" alt=\"\" width=\"275\" height=\"183\"><\/a>El anabaptismo originario fue un movimiento carism\u00e1tico. Para los primeros anabaptistas, el Esp\u00edritu Santo era la verdadera fuerza que dirig\u00eda el movimiento, que permit\u00eda una lectura renovada de la Escritura, y que se manifestaba en distintos dones y carismas. No se trataba solamente de obedecer a Jes\u00fas. Es que la obediencia radical solamente es posible por la obra del Esp\u00edritu Santo.<\/p>\n<p>Cuando otros cristianos en el siglo XVI recurr\u00edan a la fuerza de las armas para defender sus ideas, los anabaptistas no s\u00f3lo recordaban el mandamiento de Jes\u00fas de amar a los enemigos, sino que entend\u00edan que el recurso a las armas era una muestra de la ausencia de la fuerza del Esp\u00edritu. \u00abNo por el poder ni por la fuerza, sino por mi Esp\u00edritu\u00bb (Zac 4:6). Igualmente, el hecho de que en las reuniones cat\u00f3licas y reformadas solamente hablara una persona les llevaba a sospechar que el Esp\u00edritu no estaba actuando en ellas. La profec\u00eda, las lenguas, o los milagros no eran extra\u00f1os para los anabaptistas.<\/p>\n\n\n<p>Es verdad que, por diversas razones, algunas experiencias fueron desapareciendo con el tiempo, y en algunos casos se lleg\u00f3 a un cierto legalismo. En la teolog\u00eda anabaptista del siglo XX apenas se mencion\u00f3 la dimensi\u00f3n carism\u00e1tica del anabaptismo. Sin embargo, a lo largo de la historia del anabaptismo, la presencia y la actividad del Esp\u00edritu Santo ha sido una referencia constante y una fueza de renovaci\u00f3n. Es el caso de la historia de los Hermanos en Cristo, y de otros grupos anabaptistas. Hoy en d\u00eda, la mayor parte de los anabaptistas viven en iglesias abiertas a la obra renovadora del Esp\u00edritu Santo.<\/p>\n","protected":false},"excerpt":{"rendered":"<p>El anabaptismo originario fue un movimiento carism\u00e1tico. Para los primeros anabaptistas, el Esp\u00edritu Santo era la verdadera fuerza que dirig\u00eda el movimiento, que permit\u00eda una&hellip;<\/p>\n","protected":false},"author":3,"featured_media":0,"parent":10,"menu_order":0,"comment_status":"closed","ping_status":"closed","template":"","meta":{"footnotes":""},"class_list":["post-1195","page","type-page","status-publish","hentry"],"_links":{"self":[{"href":"https:\/\/anabautistas.org\/index.php?rest_route=\/wp\/v2\/pages\/1195"}],"collection":[{"href":"https:\/\/anabautistas.org\/index.php?rest_route=\/wp\/v2\/pages"}],"about":[{"href":"https:\/\/anabautistas.org\/index.php?rest_route=\/wp\/v2\/types\/page"}],"author":[{"embeddable":true,"href":"https:\/\/anabautistas.org\/index.php?rest_route=\/wp\/v2\/users\/3"}],"replies":[{"embeddable":true,"href":"https:\/\/anabautistas.org\/index.php?rest_route=%2Fwp%2Fv2%2Fcomments&post=1195"}],"version-history":[{"count":2,"href":"https:\/\/anabautistas.org\/index.php?rest_route=\/wp\/v2\/pages\/1195\/revisions"}],"predecessor-version":[{"id":1198,"href":"https:\/\/anabautistas.org\/index.php?rest_route=\/wp\/v2\/pages\/1195\/revisions\/1198"}],"up":[{"embeddable":true,"href":"https:\/\/anabautistas.org\/index.php?rest_route=\/wp\/v2\/pages\/10"}],"wp:attachment":[{"href":"https:\/\/anabautistas.org\/index.php?rest_route=%2Fwp%2Fv2%2Fmedia&parent=1195"}],"curies":[{"name":"wp","href":"https:\/\/api.w.org\/{rel}","templated":true}]}}