{"id":1153,"date":"2021-09-15T13:41:15","date_gmt":"2021-09-15T13:41:15","guid":{"rendered":"https:\/\/anabautistas.org\/?page_id=1153"},"modified":"2021-09-16T10:01:43","modified_gmt":"2021-09-16T10:01:43","slug":"evangelizacion","status":"publish","type":"page","link":"https:\/\/anabautistas.org\/?page_id=1153","title":{"rendered":"Evangelizaci\u00f3n"},"content":{"rendered":"<p><a href=\"https:\/\/anabautistas.org\/wp-content\/uploads\/2021\/09\/Sin-nombre.png\"><img loading=\"lazy\" decoding=\"async\" class=\"size-medium wp-image-1157 alignleft\" src=\"https:\/\/anabautistas.org\/wp-content\/uploads\/2021\/09\/Sin-nombre-227x300.png\" alt=\"\" width=\"227\" height=\"300\" srcset=\"https:\/\/anabautistas.org\/wp-content\/uploads\/2021\/09\/Sin-nombre-227x300.png 227w, https:\/\/anabautistas.org\/wp-content\/uploads\/2021\/09\/Sin-nombre-775x1024.png 775w, https:\/\/anabautistas.org\/wp-content\/uploads\/2021\/09\/Sin-nombre-768x1014.png 768w, https:\/\/anabautistas.org\/wp-content\/uploads\/2021\/09\/Sin-nombre-1163x1536.png 1163w, https:\/\/anabautistas.org\/wp-content\/uploads\/2021\/09\/Sin-nombre-1550x2048.png 1550w\" sizes=\"(max-width: 227px) 100vw, 227px\" \/><\/a>Jes\u00fas env\u00eda a sus disc\u00edpulos a compartir las buenas noticias de su Reinado. Quien ha recibido una buena noticia, dif\u00edcilmente se puede callar. Y, cuando esa noticia cambia la vida, uno desea que otros la reciban tambi\u00e9n.<\/p>\n<p>Jes\u00fas enviaba a sus disc\u00edpulos no s\u00f3lo a proclamar la llegada del Reinado, sino tambi\u00e9n a sanar. De hecho, ambas tareas iban unidas (Lucas 9:1, Lucas 10:1-10). Orar por los enfermos es una maravillosa forma de proclamar las buenas noticias de que Jes\u00fas vive y est\u00e1 interesado en nosotros. Y muchas veces vemos la mano de Dios actuar cuando damos sencillos pasos de fe.<\/p>\n<p>Si quieres m\u00e1s informaci\u00f3n sobre nuestro ministerio, o si deseas que visitemos a alguna persona enferma, puedes ponerte en contacto con Juan Carlos, que coordina las salidas de evangelismo, en el tel\u00e9fono +34 671 10 19 89. Tambi\u00e9n puedes <a href=\"https:\/\/anabautistas.org\/?page_id=786\">ponerte en contacto con nosotros haciendo click aqu\u00ed<\/a>.<\/p>\n","protected":false},"excerpt":{"rendered":"<p>Jes\u00fas env\u00eda a sus disc\u00edpulos a compartir las buenas noticias de su Reinado. Quien ha recibido una buena noticia, dif\u00edcilmente se puede callar. Y, cuando&hellip;<\/p>\n","protected":false},"author":3,"featured_media":0,"parent":1148,"menu_order":0,"comment_status":"closed","ping_status":"closed","template":"","meta":{"footnotes":""},"class_list":["post-1153","page","type-page","status-publish","hentry"],"_links":{"self":[{"href":"https:\/\/anabautistas.org\/index.php?rest_route=\/wp\/v2\/pages\/1153"}],"collection":[{"href":"https:\/\/anabautistas.org\/index.php?rest_route=\/wp\/v2\/pages"}],"about":[{"href":"https:\/\/anabautistas.org\/index.php?rest_route=\/wp\/v2\/types\/page"}],"author":[{"embeddable":true,"href":"https:\/\/anabautistas.org\/index.php?rest_route=\/wp\/v2\/users\/3"}],"replies":[{"embeddable":true,"href":"https:\/\/anabautistas.org\/index.php?rest_route=%2Fwp%2Fv2%2Fcomments&post=1153"}],"version-history":[{"count":7,"href":"https:\/\/anabautistas.org\/index.php?rest_route=\/wp\/v2\/pages\/1153\/revisions"}],"predecessor-version":[{"id":1235,"href":"https:\/\/anabautistas.org\/index.php?rest_route=\/wp\/v2\/pages\/1153\/revisions\/1235"}],"up":[{"embeddable":true,"href":"https:\/\/anabautistas.org\/index.php?rest_route=\/wp\/v2\/pages\/1148"}],"wp:attachment":[{"href":"https:\/\/anabautistas.org\/index.php?rest_route=%2Fwp%2Fv2%2Fmedia&parent=1153"}],"curies":[{"name":"wp","href":"https:\/\/api.w.org\/{rel}","templated":true}]}}