{"id":1131,"date":"2021-09-15T10:32:59","date_gmt":"2021-09-15T10:32:59","guid":{"rendered":"https:\/\/anabautistas.org\/?page_id=1131"},"modified":"2021-09-16T10:10:34","modified_gmt":"2021-09-16T10:10:34","slug":"centro-teologico-koinonia-ctk","status":"publish","type":"page","link":"https:\/\/anabautistas.org\/?page_id=1131","title":{"rendered":"Centro Teol\u00f3gico Koinon\u00eda (CTK)"},"content":{"rendered":"<p>&nbsp;<\/p>\r\n\r\n<div class=\"wp-block-image\">\r\n<figure class=\"alignleft\"><a href=\"https:\/\/anabautistas.org\/wp-content\/uploads\/2021\/09\/Captura-de-pantalla-de-2021-09-15-12-24-50.png\"><img loading=\"lazy\" decoding=\"async\" width=\"300\" height=\"203\" class=\"wp-image-1128\" src=\"https:\/\/anabautistas.org\/wp-content\/uploads\/2021\/09\/Captura-de-pantalla-de-2021-09-15-12-24-50-300x203.png\" alt=\"\" srcset=\"https:\/\/anabautistas.org\/wp-content\/uploads\/2021\/09\/Captura-de-pantalla-de-2021-09-15-12-24-50-300x203.png 300w, https:\/\/anabautistas.org\/wp-content\/uploads\/2021\/09\/Captura-de-pantalla-de-2021-09-15-12-24-50-768x520.png 768w, https:\/\/anabautistas.org\/wp-content\/uploads\/2021\/09\/Captura-de-pantalla-de-2021-09-15-12-24-50.png 817w\" sizes=\"(max-width: 300px) 100vw, 300px\" \/><\/a><\/figure>\r\n<\/div>\r\n\r\n\r\n\r\n<p>Las iglesias de los Hermanos en Cristo, junto con otras iglesias anabaptistas, tenemos un sistema de formaci\u00f3n b\u00edblica y teol\u00f3gica, llamado CTK (Centro Teol\u00f3gico Koinon\u00eda). Se trata de un sistema semi-presencial, en el que se combina los recursos online con la ense\u00f1anza presencial. Para eso nos reunimos varias veces al a\u00f1o, en un ambiente de fraternidad, para aprender juntos. Este sistema de ense\u00f1anza est\u00e1 abierto a cristianos procedentes de todas las familias de iglesias.<\/p>\r\n<hr \/>\r\n<p>&nbsp;<\/p>\r\n","protected":false},"excerpt":{"rendered":"<p>&nbsp; Las iglesias de los Hermanos en Cristo, junto con otras iglesias anabaptistas, tenemos un sistema de formaci\u00f3n b\u00edblica y teol\u00f3gica, llamado CTK (Centro Teol\u00f3gico&hellip;<\/p>\n","protected":false},"author":3,"featured_media":0,"parent":43,"menu_order":0,"comment_status":"closed","ping_status":"closed","template":"","meta":{"footnotes":""},"class_list":["post-1131","page","type-page","status-publish","hentry"],"_links":{"self":[{"href":"https:\/\/anabautistas.org\/index.php?rest_route=\/wp\/v2\/pages\/1131"}],"collection":[{"href":"https:\/\/anabautistas.org\/index.php?rest_route=\/wp\/v2\/pages"}],"about":[{"href":"https:\/\/anabautistas.org\/index.php?rest_route=\/wp\/v2\/types\/page"}],"author":[{"embeddable":true,"href":"https:\/\/anabautistas.org\/index.php?rest_route=\/wp\/v2\/users\/3"}],"replies":[{"embeddable":true,"href":"https:\/\/anabautistas.org\/index.php?rest_route=%2Fwp%2Fv2%2Fcomments&post=1131"}],"version-history":[{"count":2,"href":"https:\/\/anabautistas.org\/index.php?rest_route=\/wp\/v2\/pages\/1131\/revisions"}],"predecessor-version":[{"id":1236,"href":"https:\/\/anabautistas.org\/index.php?rest_route=\/wp\/v2\/pages\/1131\/revisions\/1236"}],"up":[{"embeddable":true,"href":"https:\/\/anabautistas.org\/index.php?rest_route=\/wp\/v2\/pages\/43"}],"wp:attachment":[{"href":"https:\/\/anabautistas.org\/index.php?rest_route=%2Fwp%2Fv2%2Fmedia&parent=1131"}],"curies":[{"name":"wp","href":"https:\/\/api.w.org\/{rel}","templated":true}]}}