{"id":1103,"date":"2021-09-15T07:37:06","date_gmt":"2021-09-15T07:37:06","guid":{"rendered":"https:\/\/anabautistas.org\/?page_id=1103"},"modified":"2021-09-15T08:34:17","modified_gmt":"2021-09-15T08:34:17","slug":"discipulado-ananias","status":"publish","type":"page","link":"https:\/\/anabautistas.org\/?page_id=1103","title":{"rendered":"Discipulado Anan\u00edas"},"content":{"rendered":"<p><a href=\"https:\/\/anabautistas.org\/wp-content\/uploads\/2021\/09\/images.jpeg\"><img loading=\"lazy\" decoding=\"async\" class=\"size-full wp-image-1115 alignleft\" src=\"https:\/\/anabautistas.org\/wp-content\/uploads\/2021\/09\/images.jpeg\" alt=\"\" width=\"261\" height=\"193\" \/><\/a>Hay varios Anan\u00edas en la Biblia. En el cap\u00edtulo 9 del libro de los Hechos de los Ap\u00f3stoles se menciona a uno de ellos. Fue el que escuch\u00f3 la voz de Dios, se atrevi\u00f3 a ir a la casa donde estaba su perseguidor, tuvo palabras prof\u00e9ticas y de aliento para Pablo, or\u00f3 para que fuera sanado de la vista, bautiz\u00f3 a Pablo y le impuso las manos para que fuera lleno del Esp\u00edritu Santo.<\/p>\n<p>\u00bfQui\u00e9n era Anan\u00edas? \u00bfUn super-ap\u00f3stol? \u00bfUn gran pastor? \u00bfUn super-evangelista? La Escritura nos dice que simplemente era \u201cun cierto disc\u00edpulo\u201d (Hch 9:10).<\/p>\n<p>Los hermanos en Cristo estamos trabajando en un discipulado que nos ayude a ser disc\u00edpulos activos, como Anan\u00edas. El discipulado se encuentra en la p\u00e1gina del <a href=\"http:\/\/ceteka.org\" target=\"_blank\" rel=\"noreferrer noopener\">Centro Teol\u00f3gico Koinon\u00eda<\/a>, de las iglesias anbaptistas en Espa\u00f1a. Si quieres m\u00e1s informaci\u00f3n, puedes escribirnos aqu\u00ed: <strong>ceteka (aqu\u00ed va el signo de la arroba) ceteka.org<\/strong><\/p>\n","protected":false},"excerpt":{"rendered":"<p>Hay varios Anan\u00edas en la Biblia. En el cap\u00edtulo 9 del libro de los Hechos de los Ap\u00f3stoles se menciona a uno de ellos. Fue&hellip;<\/p>\n","protected":false},"author":3,"featured_media":0,"parent":43,"menu_order":0,"comment_status":"closed","ping_status":"closed","template":"","meta":{"footnotes":""},"class_list":["post-1103","page","type-page","status-publish","hentry"],"_links":{"self":[{"href":"https:\/\/anabautistas.org\/index.php?rest_route=\/wp\/v2\/pages\/1103"}],"collection":[{"href":"https:\/\/anabautistas.org\/index.php?rest_route=\/wp\/v2\/pages"}],"about":[{"href":"https:\/\/anabautistas.org\/index.php?rest_route=\/wp\/v2\/types\/page"}],"author":[{"embeddable":true,"href":"https:\/\/anabautistas.org\/index.php?rest_route=\/wp\/v2\/users\/3"}],"replies":[{"embeddable":true,"href":"https:\/\/anabautistas.org\/index.php?rest_route=%2Fwp%2Fv2%2Fcomments&post=1103"}],"version-history":[{"count":6,"href":"https:\/\/anabautistas.org\/index.php?rest_route=\/wp\/v2\/pages\/1103\/revisions"}],"predecessor-version":[{"id":1119,"href":"https:\/\/anabautistas.org\/index.php?rest_route=\/wp\/v2\/pages\/1103\/revisions\/1119"}],"up":[{"embeddable":true,"href":"https:\/\/anabautistas.org\/index.php?rest_route=\/wp\/v2\/pages\/43"}],"wp:attachment":[{"href":"https:\/\/anabautistas.org\/index.php?rest_route=%2Fwp%2Fv2%2Fmedia&parent=1103"}],"curies":[{"name":"wp","href":"https:\/\/api.w.org\/{rel}","templated":true}]}}